ded by 384?
19
What is the remainder when 5002 is divided by 616?
74
Calculate the remainder when 16027 is divided by 1754.
241
What is the remainder when 31930 is divided by 347?
6
Calculate the remainder when 332 is divided by 33.
2
What is the remainder when 13075 is divided by 92?
11
What is the remainder when 96493 is divided by 45?
13
Calculate the remainder when 56638 is divided by 177.
175
Calculate the remainder when 1656 is divided by 497.
165
What is the remainder when 20023 is divided by 89?
87
What is the remainder when 5474 is divided by 342?
2
Calculate the remainder when 4620 is divided by 1038.
468
What is the remainder when 104317 is divided by 32?
29
What is the remainder when 3356 is divided by 413?
52
Calculate the remainder when 10171 is divided by 237.
217
What is the remainder when 18485 is divided by 2?
1
What is the remainder when 3551136 is divided by 19?
17
What is the remainder when 3008 is divided by 331?
29
What is the remainder when 2148 is divided by 86?
84
What is the remainder when 26403 is divided by 11?
3
Calculate the remainder when 51164 is divided by 15.
14
Calculate the remainder when 3112 is divided by 815.
667
What is the remainder when 5299 is divided by 844?
235
Calculate the remainder when 13189 is divided by 18.
13
Calculate the remainder when 12528 is divided by 9.
0
What is the remainder when 33124 is divided by 233?
38
Calculate the remainder when 20091 is divided by 32.
27
Calculate the remainder when 23064 is divided by 142.
60
What is the remainder when 944 is divided by 853?
91
What is the remainder when 4977 is divided by 1655?
12
What is the remainder when 77881 is divided by 31?
9
Calculate the remainder when 239353 is divided by 25.
3
Calculate the remainder when 1593 is divided by 223.
32
Calculate the remainder when 3107 is divided by 3093.
14
What is the remainder when 2229 is divided by 203?
199
What is the remainder when 13374 is divided by 288?
126
Calculate the remainder when 304646 is divided by 463.
455
Calculate the remainder when 126388 is divided by 8421.
73
Calculate the remainder when 32479 is divided by 140.
139
What is the remainder when 2267 is divided by 282?
11
What is the remainder when 9181 is divided by 301?
151
Calculate the remainder when 9241 is divided by 1311.
64
Calculate the remainder when 148110 is divided by 29621.
5
What is the remainder when 13082618 is divided by 438?
434
Calculate the remainder when 1454 is divided by 48.
14
What is the remainder when 196 is divided by 17?
9
What is the remainder when 2058 is divided by 967?
124
Calculate the remainder when 13754 is divided by 909.
119
Calculate the remainder when 25367 is divided by 24.
23
Calculate the remainder when 11854 is divided by 739.
30
Calculate the remainder when 30424 is divided by 663.
589
What is the remainder when 302183 is divided by 60435?
8
What is the remainder when 864 is divided by 211?
20
Calculate the remainder when 2106 is divided by 30.
6
Calculate the remainder when 102333 is divided by 328.
325
What is the remainder when 4001 is divided by 237?
209
What is the remainder when 16419 is divided by 96?
3
What is the remainder when 125690 is divided by 2129?
79
What is the remainder when 51064 is divided by 201?
10
What is the remainder when 56892 is divided by 1236?
36
Calculate the remainder when 23727 is divided by 1576.
87
Calculate the remainder when 242 is divided by 224.
18
What is the remainder when 70368 is divided by 455?
298
Calculate the remainder when 26891 is divided by 119.
116
Calculate the remainder when 60403 is divided by 230.
143
Calculate the remainder when 406013 is divided by 64.
61
Calculate the remainder when 4861493 is divided by 43.
42
Calculate the remainder when 18437 is divided by 6144.
5
Calculate the remainder when 66772 is divided by 13343.
57
Calculate the remainder when 1287851 is divided by 236.
235
Calculate the remainder when 56992 is divided by 9497.
10
Calculate the remainder when 16664 is divided by 2083.
0
What is the remainder when 11829 is divided by 115?
99
Calculate the remainder when 64810 is divided by 32401.
8
What is the remainder when 1766 is divided by 210?
86
What is the remainder when 1493 is divided by 733?
27
Calculate the remainder when 2052 is divided by 256.
4
What is the remainder when 391329 is divided by 57?
24
Calculate the remainder when 5606056 is divided by 72.
64
What is the remainder when 67387 is divided by 33688?
11
What is the remainder when 105803 is divided by 80?
43
Calculate the remainder when 65230 is divided by 375.
355
Calculate the remainder when 56607 is divided by 30.
27
What is the remainder when 2020 is divided by 123?
52
Calculate the remainder when 6839 is divided by 6576.
263
What is the remainder when 219919 is divided by 40?
39
What is the remainder when 94802 is divided by 40?
2
What is the remainder when 3238 is divided by 651?
634
What is the remainder when 40887 is divided by 31?
29
Calculate the remainder when 2018 is divided by 44.
38
Calculate the remainder when 71869 is divided by 5528.
5
Calculate the remainder when 2921 is divided by 5.
1
What is the remainder when 2661 is divided by 36?
33
Calculate the remainder when 14481 is divided by 14477.
4
Calculate the remainder when 11124754 is divided by 23.
22
What is the remainder when 62901 is divided by 98?
83
Calculate the remainder when 2016858 is divided by 9.
3
Calculate the remainder when 16081 is divided by 298.
287
Calculate the remainder when 390750 is divided by 19.
15
What is the remainder when 194784 is divided by 289?
287
What is the remainder when 3992 is divided by 334?
318
Calculate the remainder when 22823 is divided by 986.
145
Calculate the remainder when 5543 is divided by 11.
10
What is the remainder when 27358 is divided by 58?
40
What is the remainder when 7041 is divided by 679?
251
Calculate the remainder when 1958 is divided by 197.
185
What is the remainder when 55065 is divided by 6881?
17
What is the remainder when 5927 is divided by 1975?
2
Calculate the remainder when 6609 is divided by 550.
9
Calculate the remainder when 1324993 is divided by 31.
22
What is the remainder when 1600 is divided by 191?
72
What is the remainder when 598 is divided by 152?
142
Calculate the remainder when 9746 is divided by 116.
2
Calculate the remainder when 2208 is divided by 336.
192
Calculate the remainder when 444 is divided by 243.
201
Calculate the remainder when 35775 is divided by 149.
15
Calculate the remainder when 40307 is divided by 2687.
2
What is the remainder when 1699 is divided by 262?
127
Calculate the remainder when 221466 is divided by 24607.
3
Calculate the remainder when 423224 is divided by 285.
284
What is the remainder when 10034 is divided by 128?
50
What is the remainder when 206511 is divided by 25?
11
Calculate the remainder when 8816 is divided by 173.
166
What is the remainder when 9560 is divided by 14?
12
What is the remainder when 16580 is divided by 5317?
629
What is the remainder when 2520 is divided by 628?
8
Calculate the remainder when 493 is divided by 49.
3
Calculate the remainder when 449174 is divided by 43.
39
What is the remainder when 383192 is divided by 92?
12
What is the remainder when 24696 is divided by 88?
56
What is the remainder when 4983 is divided by 172?
167
Calculate the remainder when 122637 is divided by 61316.
5
Calculate the remainder when 11773 is divided by 151.
146
Calculate the remainder when 35633 is divided by 330.
323
What is the remainder when 7454 is divided by 344?
230
Calculate the remainder when 472391 is divided by 216.
215
Calculate the remainder when 546924 is divided by 167.
166
What is the remainder when 12643 is divided by 224?
99
Calculate the remainder when 2513 is divided by 121.
93
What is the remainder when 34586 is divided by 34449?
137
What is the remainder when 5869 is divided by 194?
49
Calculate the remainder when 1074 is divided by 10.
4
Calculate the remainder when 1614 is divided by 130.
54
Calculate the remainder when 43292 is divided by 516.
464
Calculate the remainder when 10854 is divided by 160.
134
What is the remainder when 11320 is divided by 1409?
48
Calculate the remainder when 4839 is divided by 79.
20
What is the rema